{"id":2784,"date":"2017-01-04T15:15:12","date_gmt":"2017-01-04T15:15:12","guid":{"rendered":"http:\/\/mnkythemedemos.com\/demo-content\/care\/?page_id=2784"},"modified":"2023-03-17T14:50:10","modified_gmt":"2023-03-17T14:50:10","slug":"dental-home-2","status":"publish","type":"page","link":"https:\/\/zakrocki.de\/","title":{"rendered":"Home"},"content":{"rendered":"<p>[vc_row top=&#8220;-20px&#8220;][vc_column width=&#8220;1\/3&#8243; css=&#8220;.vc_custom_1591472384257{border-radius: 1px !important;}&#8220;][vc_service icon_name=&#8220;fa-user-md&#8220; title=&#8220;Behandlungszeiten&#8220; position=&#8220;sb_center&#8220;]Mo : 8:00-12:00 14:00-18:00<br \/>\nDi : 8:00-12:00 14:00-19:00<br \/>\nMi : 8:00-13:00 geschlossen<br \/>\nDo : 8:00-12:00 14:00-18:00<br \/>\nFr : 8:00-12:00 14:00-17:00<br \/>\n[\/vc_service][\/vc_column][vc_column width=&#8220;1\/3&#8243; css=&#8220;.vc_custom_1590957043255{padding-top: -50px !important;}&#8220;][vc_service icon_name=&#8220;fa-whatsapp&#8220; title=&#8220;Terminvereinbarung&#8220; position=&#8220;sb_center&#8220;]Tel. 02831-991 161<br \/>\nMobil 0157-57302824<br \/>\nlaserpraxis-at-zakrocki.de<br \/>\nVernumer Stra\u00dfe 27<br \/>\n47608 Geldern<br \/>\n[\/vc_service][\/vc_column][vc_column width=&#8220;1\/3&#8243;][vc_service icon_name=&#8220;fa-smile-o&#8220; title=&#8220;Anamnesebogen&#8220; position=&#8220;sb_center&#8220; link=&#8220;url:https%3A%2F%2Fzakrocki.de%2Fwp-content%2Fuploads%2F2023%2F03%2FAnamnesebogen.pdf|title:Download|target:%20_blank|&#8220;]Hier finden Sie unseren Anamnesebogen. Sie k\u00f6nnen uns unterst\u00fctzen, wenn Sie diesen bereits ausgef\u00fcllt mit zu Ihrer ersten Behandlung in die Praxis mitbringen.<br \/>\n[\/vc_service][vc_message]<a href=\"https:\/\/zakrocki.de\/wp-content\/uploads\/2023\/03\/Anamnesebogen.pdf\">Download Anamnesebogen<\/a>[\/vc_message][\/vc_column][\/vc_row][vc_row row_seperator=&#8220;row-line-seperator&#8220; top=&#8220;20px&#8220; bottom=&#8220;0px&#8220;][vc_column][vc_column_text]<\/p>\n<h2 style=\"text-align: center;\">T\u00e4tigkeitsschwerpunkte<\/h2>\n<p>[\/vc_column_text][vc_column_text]<\/p>\n<h5 style=\"font-weight: 300; text-align: center;\"><span style=\"color: #999999;\"><em>Eine vollst\u00e4ndinge \u00dcbersicht der <a href=\"#\">zahnmedizinischen Leistungen finden Sie hier<\/a>.<br \/>\n<\/em><\/span><\/h5>\n<p>[\/vc_column_text][\/vc_column][\/vc_row][vc_row bottom=&#8220;15px&#8220;][vc_column css_animation=&#8220;flipInX&#8220; width=&#8220;1\/3&#8243;][vc_colored_box bg_color=&#8220;#f9f9f9&#8243; padding=&#8220;40px&#8220; css_animation=&#8220;fadeIn&#8220;]<\/p>\n<h3 style=\"text-align: center;\">Implantologie<\/h3>\n<p style=\"text-align: center;\"><a href=\"#\">weiterlesen<\/a><\/p>\n<p>[\/vc_colored_box][\/vc_column][vc_column width=&#8220;1\/3&#8243;][vc_colored_box bg_color=&#8220;#f9f9f9&#8243; padding=&#8220;40px&#8220; css_animation=&#8220;fadeIn&#8220; css_animation_delay=&#8220;delay-200&#8243;]<\/p>\n<h3 style=\"text-align: center;\">Kieferorthop\u00e4die<\/h3>\n<p style=\"text-align: center;\"><a href=\"#\">weiterlesen<\/a><\/p>\n<p>[\/vc_colored_box][\/vc_column][vc_column width=&#8220;1\/3&#8243;][vc_colored_box bg_color=&#8220;#3498db&#8220; padding=&#8220;40px&#8220; css_animation=&#8220;fadeIn&#8220; css_animation_delay=&#8220;delay-400&#8243;]<\/p>\n<h3 style=\"text-align: center;\">Laserzahnheilkunde<\/h3>\n<p style=\"text-align: center;\"><a href=\"#\"> <span style=\"color: white;\">weiterlesen<\/span><\/a><\/p>\n<p>[\/vc_colored_box][\/vc_column][\/vc_row][vc_row top=&#8220;15px&#8220;][vc_column width=&#8220;1\/3&#8243;][vc_colored_box bg_color=&#8220;#f9f9f9&#8243; padding=&#8220;40px&#8220; css_animation=&#8220;fadeIn&#8220;]<\/p>\n<h3 style=\"text-align: center;\">Parodontologie<\/h3>\n<p>&nbsp;<\/p>\n<p style=\"text-align: center;\"><a href=\"#\">weiterlesen<\/a><\/p>\n<p>[\/vc_colored_box][\/vc_column][vc_column width=&#8220;1\/3&#8243;][vc_colored_box bg_color=&#8220;#f9f9f9&#8243; padding=&#8220;40px&#8220; css_animation=&#8220;fadeIn&#8220; css_animation_delay=&#8220;delay-200&#8243;]<\/p>\n<h3 style=\"text-align: center;\">\u00c4sthetische Zahnheilkunde<\/h3>\n<p style=\"text-align: center;\"><a href=\"#\">weiterlesen<\/a><\/p>\n<p>[\/vc_colored_box][\/vc_column][vc_column width=&#8220;1\/3&#8243;][vc_colored_box bg_color=&#8220;#f9f9f9&#8243; padding=&#8220;40px&#8220; css_animation=&#8220;fadeIn&#8220; css_animation_delay=&#8220;delay-400&#8243;]<\/p>\n<h3 style=\"text-align: center;\">Zahn\u00e4rztliche Chirurgie<\/h3>\n<p>&nbsp;<\/p>\n<p style=\"text-align: center;\"><a href=\"#\">weiterlesen<\/a><\/p>\n<p>[\/vc_colored_box][\/vc_column][\/vc_row][vc_row row_seperator=&#8220;row-line-seperator&#8220; bg_color=&#8220;#f9f9f9&#8243;][vc_column][vc_testimonial_slider style=&#8220;testimonials-style-2&#8243;][vc_testimonial name=&#8220;&#8220; author_dec=&#8220;&#8220; position=&#8220;Designer&#8220;]Gesunde Z\u00e4hne sind ein St\u00fcck Lebensqualit\u00e4t[\/vc_testimonial][\/vc_testimonial_slider][\/vc_column][\/vc_row][vc_row top=&#8220;30px&#8220;][vc_column width=&#8220;1\/4&#8243;][vc_column_text]<\/p>\n<h2 style=\"font-size: 20px; text-align: left;\">Kontakt<\/h2>\n<p>[\/vc_column_text][vc_single_image image=&#8220;3183&#8243; img_size=&#8220;full&#8220;][vc_empty_space height=&#8220;40px&#8220;][vc_list_item icon_name=&#8220;fa-tty&#8220; icon_color=&#8220;#284b80&#8243;]Tel. 02831-991 161<br \/>\nMobil 0157-57302824<br \/>\n[\/vc_list_item][vc_list_item icon_name=&#8220;fa-send-o&#8220; icon_color=&#8220;#284b80&#8243;]laserpraxis-at-zakrocki.de<br \/>\n[\/vc_list_item][vc_column_text]<\/p>\n<h2 style=\"font-size: 20px; text-align: center;\">Behandlungszeiten:<\/h2>\n<p>[\/vc_column_text][vc_list_item icon_name=&#8220;fa-clock-o&#8220; icon_color=&#8220;#284b80&#8243;]Mo: 8:00-12:00 14:00-18:00<br \/>\nDi : 8:00-12:00 14:00-19:00<br \/>\nMi : 8:00-13:00 geschlossen<br \/>\nDo: 8:00-12:00 14:00-18:00<br \/>\nFr : 8:00-12:00 14:00-17:00<br \/>\n[\/vc_list_item][vc_empty_space height=&#8220;40px&#8220;][\/vc_column][vc_column width=&#8220;3\/4&#8243;][vc_gmaps link=&#8220;#E-8_JTNDaWZyYW1lJTIwc3JjJTNEJTIyaHR0cHMlM0ElMkYlMkZ3d3cuZ29vZ2xlLmNvbSUyRm1hcHMlMkZlbWJlZCUzRnBiJTNEJTIxMW0xNCUyMTFtOCUyMTFtMyUyMTFkMjQ4Mi44MDUwMDYwMzAwMiUyMTJkNi4zMzg3MjYlMjEzZDUxLjUxNjc5MzMlMjEzbTIlMjExaTEwMjQlMjEyaTc2OCUyMTRmMTMuMSUyMTNtMyUyMTFtMiUyMTFzMHg0N2M3NjA4MGE1MzQwZTA1JTI1M0EweDc3MTZjOGVjY2NkNmQxN2IlMjEyc1Zlcm51bWVyJTJCU3RyLiUyQjI3JTI1MkMlMkI0NzYwOCUyQkdlbGRlcm4lMjE1ZTAlMjEzbTIlMjExc2RlJTIxMnNkZSUyMTR2MTUyODMzNTg5MzAxOCUyMiUyMHdpZHRoJTNEJTIyNjAwJTIyJTIwaGVpZ2h0JTNEJTIyNDUwJTIyJTIwZnJhbWVib3JkZXIlM0QlMjIwJTIyJTIwc3R5bGUlM0QlMjJib3JkZXIlM0EwJTIyJTIwYWxsb3dmdWxsc2NyZWVuJTNFJTNDJTJGaWZyYW1lJTNF&#8220;][\/vc_column][\/vc_row][vc_row row_seperator=&#8220;row-line-seperator&#8220; top=&#8220;20px&#8220; bottom=&#8220;10px&#8220; row_show_on=&#8220;hide_on_normal_screen,hide_tablet_landscape,hide_tablet_portrait,hide_mobile_landscape,hide_mobile_portrait&#8220;][vc_column][vc_column_text]<\/p>\n<h2 style=\"font-size: 30px; text-align: center;\">Infopoint<\/h2>\n<p>[\/vc_column_text][vc_column_text]<\/p>\n<h3 style=\"font-weight: 300; text-align: center;\"><span style=\"color: #999999;\">Hier finden Sie aktuelle Patienten-Informationen<\/span><\/h3>\n<p>[\/vc_column_text][\/vc_column][\/vc_row][vc_row top=&#8220;10px&#8220; bottom=&#8220;10px&#8220; row_show_on=&#8220;hide_on_normal_screen,hide_tablet_landscape,hide_tablet_portrait,hide_mobile_landscape,hide_mobile_portrait&#8220;][vc_column width=&#8220;1\/3&#8243; css=&#8220;.vc_custom_1591217882227{border-radius: 2px !important;}&#8220;][vc_service icon_name=&#8220;fa-smile-o&#8220; title=&#8220;Infopoint&#8220; link=&#8220;url:%23||target:%20_blank|&#8220;]Zahnzusatzversicherung,<br \/>\nNotdienst<br \/>\nu.v.m.<\/p>\n<p>weiterlesen[\/vc_service][\/vc_column][vc_column width=&#8220;1\/3&#8243; css=&#8220;.vc_custom_1590957043255{padding-top: -50px !important;}&#8220;][vc_service icon_name=&#8220;fa-smile-o&#8220; title=&#8220;Infopoint&#8220; link=&#8220;url:%23||target:%20_blank|&#8220;]Zahnzusatzversicherung,<br \/>\nNotdienst<br \/>\nu.v.m.<\/p>\n<p>weiterlesen[\/vc_service][\/vc_column][vc_column width=&#8220;1\/3&#8243;][vc_service icon_name=&#8220;fa-smile-o&#8220; title=&#8220;Infopoint&#8220; link=&#8220;url:%23||target:%20_blank|&#8220;]Zahnzusatzversicherung,<br \/>\nNotdienst<br \/>\nu.v.m.<\/p>\n<p>weiterlesen[\/vc_service][\/vc_column][\/vc_row]<\/p>\n","protected":false},"excerpt":{"rendered":"<p>[vc_row top=&#8220;-20px&#8220;][vc_column width=&#8220;1\/3&#8243; css=&#8220;.vc_custom_1591472384257{border-radius: 1px !important;}&#8220;][vc_service icon_name=&#8220;fa-user-md&#8220; title=&#8220;Behandlungszeiten&#8220; position=&#8220;sb_center&#8220;]Mo : 8:00-12:00 14:00-18:00 Di : 8:00-12:00 14:00-19:00 Mi : 8:00-13:00 geschlossen Do : 8:00-12:00 14:00-18:00 Fr : 8:00-12:00 14:00-17:00 [\/vc_service][\/vc_column][vc_column width=&#8220;1\/3&#8243; css=&#8220;.vc_custom_1590957043255{padding-top: -50px !important;}&#8220;][vc_service icon_name=&#8220;fa-whatsapp&#8220; title=&#8220;Terminvereinbarung&#8220; position=&#8220;sb_center&#8220;]Tel. 02831-991 161 Mobil 0157-57302824 laserpraxis-at-zakrocki.de Vernumer Stra\u00dfe 27 47608 Geldern [\/vc_service][\/vc_column][vc_column width=&#8220;1\/3&#8243;][vc_service icon_name=&#8220;fa-smile-o&#8220; title=&#8220;Anamnesebogen&#8220; position=&#8220;sb_center&#8220; link=&#8220;url:https%3A%2F%2Fzakrocki.de%2Fwp-content%2Fuploads%2F2023%2F03%2FAnamnesebogen.pdf|title:Download|target:%20_blank|&#8220;]Hier finden Sie unseren [&hellip;]<\/p>\n","protected":false},"author":1,"featured_media":0,"parent":0,"menu_order":0,"comment_status":"closed","ping_status":"closed","template":"page-full-width.php","meta":{"footnotes":""},"_links":{"self":[{"href":"https:\/\/zakrocki.de\/index.php?rest_route=\/wp\/v2\/pages\/2784"}],"collection":[{"href":"https:\/\/zakrocki.de\/index.php?rest_route=\/wp\/v2\/pages"}],"about":[{"href":"https:\/\/zakrocki.de\/index.php?rest_route=\/wp\/v2\/types\/page"}],"author":[{"embeddable":true,"href":"https:\/\/zakrocki.de\/index.php?rest_route=\/wp\/v2\/users\/1"}],"replies":[{"embeddable":true,"href":"https:\/\/zakrocki.de\/index.php?rest_route=%2Fwp%2Fv2%2Fcomments&post=2784"}],"version-history":[{"count":80,"href":"https:\/\/zakrocki.de\/index.php?rest_route=\/wp\/v2\/pages\/2784\/revisions"}],"predecessor-version":[{"id":3301,"href":"https:\/\/zakrocki.de\/index.php?rest_route=\/wp\/v2\/pages\/2784\/revisions\/3301"}],"wp:attachment":[{"href":"https:\/\/zakrocki.de\/index.php?rest_route=%2Fwp%2Fv2%2Fmedia&parent=2784"}],"curies":[{"name":"wp","href":"https:\/\/api.w.org\/{rel}","templated":true}]}}